ainder when 1501 is divided by 124.
13
Calculate the remainder when 58424 is divided by 131.
129
Calculate the remainder when 129270 is divided by 18.
12
Calculate the remainder when 37453 is divided by 427.
304
Calculate the remainder when 6382 is divided by 796.
14
Calculate the remainder when 12028 is divided by 39.
16
Calculate the remainder when 491098 is divided by 64.
26
Calculate the remainder when 31266 is divided by 677.
124
Calculate the remainder when 99699 is divided by 388.
371
Calculate the remainder when 4922 is divided by 4909.
13
What is the remainder when 215660 is divided by 967?
19
What is the remainder when 1272 is divided by 202?
60
Calculate the remainder when 1130321 is divided by 226064.
1
Calculate the remainder when 23952 is divided by 121.
115
Calculate the remainder when 2072 is divided by 26.
18
Calculate the remainder when 4125 is divided by 1245.
390
Calculate the remainder when 84949 is divided by 104.
85
What is the remainder when 280607 is divided by 296?
295
What is the remainder when 17115 is divided by 8488?
139
Calculate the remainder when 10601172 is divided by 1703.
1700
Calculate the remainder when 7744 is divided by 3777.
190
What is the remainder when 2782 is divided by 5?
2
What is the remainder when 19326 is divided by 138?
6
Calculate the remainder when 1721 is divided by 115.
111
Calculate the remainder when 6341037 is divided by 25.
12
What is the remainder when 11151 is divided by 192?
15
Calculate the remainder when 8622 is divided by 538.
14
What is the remainder when 31449 is divided by 294?
285
Calculate the remainder when 784 is divided by 726.
58
What is the remainder when 16026 is divided by 667?
18
Calculate the remainder when 97339 is divided by 482.
457
Calculate the remainder when 186297 is divided by 30.
27
Calculate the remainder when 26439 is divided by 1652.
7
Calculate the remainder when 18302 is divided by 88.
86
Calculate the remainder when 76621 is divided by 4255.
31
Calculate the remainder when 1871 is divided by 601.
68
Calculate the remainder when 8607 is divided by 169.
157
What is the remainder when 200755 is divided by 124?
123
What is the remainder when 42823 is divided by 1338?
7
Calculate the remainder when 22021 is divided by 7319.
64
What is the remainder when 3322 is divided by 140?
102
What is the remainder when 182540 is divided by 67?
32
What is the remainder when 498948 is divided by 168?
156
What is the remainder when 23514 is divided by 60?
54
What is the remainder when 23638 is divided by 11809?
20
Calculate the remainder when 2903 is divided by 469.
89
What is the remainder when 20371 is divided by 3720?
1771
Calculate the remainder when 18205 is divided by 46.
35
Calculate the remainder when 3040 is divided by 1519.
2
What is the remainder when 6845 is divided by 114?
5
What is the remainder when 45362 is divided by 40?
2
What is the remainder when 16073 is divided by 57?
56
Calculate the remainder when 16233 is divided by 35.
28
Calculate the remainder when 369356 is divided by 23.
22
Calculate the remainder when 23054 is divided by 637.
122
Calculate the remainder when 5703 is divided by 2848.
7
What is the remainder when 204926 is divided by 27?
23
Calculate the remainder when 413294 is divided by 82654.
24
What is the remainder when 8288 is divided by 21?
14
What is the remainder when 2211 is divided by 39?
27
What is the remainder when 20511 is divided by 20462?
49
Calculate the remainder when 32943 is divided by 43.
5
What is the remainder when 28892 is divided by 24?
20
What is the remainder when 2331688 is divided by 73?
68
Calculate the remainder when 2677 is divided by 441.
31
What is the remainder when 2776 is divided by 2690?
86
What is the remainder when 10530 is divided by 1167?
27
What is the remainder when 1117545 is divided by 111?
108
What is the remainder when 819512 is divided by 62?
58
What is the remainder when 10718 is divided by 10?
8
Calculate the remainder when 43060 is divided by 3075.
10
Calculate the remainder when 6873 is divided by 5.
3
What is the remainder when 735518 is divided by 13?
4
What is the remainder when 6187 is divided by 134?
23
Calculate the remainder when 195770 is divided by 38.
32
What is the remainder when 98378 is divided by 172?
166
What is the remainder when 2182 is divided by 487?
234
What is the remainder when 24664 is divided by 24555?
109
Calculate the remainder when 6670 is divided by 2218.
16
What is the remainder when 25824 is divided by 74?
72
What is the remainder when 2722 is divided by 301?
13
What is the remainder when 23051 is divided by 88?
83
Calculate the remainder when 13106 is divided by 215.
206
Calculate the remainder when 5711 is divided by 724.
643
Calculate the remainder when 53831 is divided by 13455.
11
Calculate the remainder when 248452 is divided by 1868.
8
Calculate the remainder when 10574 is divided by 40.
14
What is the remainder when 658 is divided by 320?
18
Calculate the remainder when 245031 is divided by 562.
561
Calculate the remainder when 39486 is divided by 4387.
3
What is the remainder when 3907 is divided by 3548?
359
Calculate the remainder when 9692 is divided by 74.
72
What is the remainder when 7949 is divided by 336?
221
Calculate the remainder when 31515 is divided by 1087.
1079
Calculate the remainder when 785 is divided by 296.
193
What is the remainder when 1363 is divided by 143?
76
Calculate the remainder when 127329 is divided by 1431.
1401
Calculate the remainder when 14326 is divided by 1783.
62
What is the remainder when 4837 is divided by 59?
58
What is the remainder when 302262 is divided by 19?
10
What is the remainder when 7912 is divided by 494?
8
What is the remainder when 4188 is divided by 1004?
172
What is the remainder when 1558 is divided by 182?
102
What is the remainder when 44400 is divided by 44?
4
What is the remainder when 3244 is divided by 861?
661
Calculate the remainder when 20247 is divided by 194.
71
What is the remainder when 3457 is divided by 3272?
185
What is the remainder when 985 is divided by 805?
180
What is the remainder when 949 is divided by 243?
220
What is the remainder when 33498 is divided by 183?
9
What is the remainder when 17500 is divided by 8745?
10
What is the remainder when 13714 is divided by 16?
2
What is the remainder when 295398 is divided by 70?
68
Calculate the remainder when 27574 is divided by 9.
7
Calculate the remainder when 2936 is divided by 2933.
3
What is the remainder when 458917 is divided by 458913?
4
What is the remainder when 297175 is divided by 643?
109
What is the remainder when 16042 is divided by 4008?
10
What is the remainder when 304456 is divided by 659?
657
Calculate the remainder when 74527 is divided by 37247.
33
What is the remainder when 6662 is divided by 1059?
308
Calculate the remainder when 341099 is divided by 50.
49
What is the remainder when 276186 is divided by 421?
10
What is the remainder when 9948 is divided by 35?
8
Calculate the remainder when 63016 is divided by 66.
52
What is the remainder when 3043 is divided by 508?
503
What is the remainder when 6846 is divided by 191?
161
Calculate the remainder when 4518 is divided by 561.
30
Calculate the remainder when 46736 is divided by 658.
18
What is the remainder when 194850 is divided by 123?
18
Calculate the remainder when 13677 is divided by 857.
822
What is the remainder when 8079 is divided by 37?
13
What is the remainder when 14905 is divided by 75?
55
What is the remainder when 6390 is divided by 50?
40
Calculate the remainder when 214319 is divided by 22.
17
Calculate the remainder when 11155 is divided by 77.
67
What is the remainder when 1039275 is divided by 782?
779
What is the remainder when 1177 is divided by 117?
7
Calculate the remainder when 66694 is divided by 22169.
187
What is the remainder when 26854 is divided by 3826?
72
What is the remainder when 1365776 is divided by 24?
8
Calculate the remainder when 119976 is divided by 8568.
24
What is the remainder when 18266 is divided by 6088?
2
Calculate the remainder when 191669 is divided by 63885.
14
Calculate the remainder when 261564 is divided by 60.
24
What is the remainder when 123925 is divided by 45?
40
What is the remainder when